)/(-3)?
4
Suppose -59*y + 58*y = -4. What is the thousands digit of (y/((-20)/(-8425)))/1?
1
Suppose 24*j - 28*j = 3*c - 140119, 2*c = j - 35005. What is the thousands digit of j?
5
Let r(o) = -2*o**3 - 3*o**2 + 2*o + 2. Let g be r(-8). Let d = -2992 + 2998. Suppose g = d*v - 346. What is the units digit of v?
4
Let h = 11739 + -7119. What is the thousands digit of h?
4
Let t(j) = -25*j**3 + j**2 - j + 1. Let v be t(1). Let c = v + 27. Suppose c*b + 19 = 5*x, 3*b + 4 = x + x. What is the units digit of b?
2
Let g be ((-6)/9)/(1 - (-67)/(-69)). Let n(o) = 2*o**3 + 46*o**2 - 19*o - 41. What is the tens digit of n(g)?
9
Suppose 2*t = 2*h + 94994, -425*h + 429*h - 47522 = -t. What is the ten thousands digit of t?
4
Let f(r) = -r**2 + 30*r - 64. Let k be f(29). What is the tens digit of ((-1)/(-2))/((385/(-8052))/k)?
6
Let y(q) = -53*q**2 - 6*q - 29. Let a be y(-5). Let i = -729 - a. What is the tens digit of i?
9
Let y = -416 + 260. Suppose 2*i + 0*i - 530 = 0. Let k = i + y. What is the tens digit of k?
0
Let n be -2 + -2 - (-793 - 4). Let y be 0/2 + n/13. Suppose q + 4*a + 118 = 3*q, y = q - 4*a. What is the units digit of q?
7
Let j(v) = -v**2 + 8*v - 4. Let z be j(7). Suppose -2*k + 4*b + 116 = 0, z*k - b - 165 = -4*b. What is the units digit of k/10 + 16/40?
6
Suppose 1898 = -3*o + 5*p - 823, 2*p = -3*o - 2700. Let s = -422 - o. What is the tens digit of s?
8
Let n(r) = r**3 + 6*r**2 + 5*r + 2. Let g be n(-2). Suppose -g*x + 7969 = 3329. What is the hundreds digit of x?
5
Let d be (-20)/(-6) + (-4 - 112/(-42)). Suppose 0 = -3*r - 4*p + 1828, -584 = -d*r + r + 5*p. What is the hundreds digit of r?
6
Suppose -2*h - 212 = 20*w - 21*w, 0 = -2*h - 2*w - 206. Let c = 345 - h. What is the hundreds digit of c?
4
Let n(r) = 62*r**3 + r**2 - 8*r - 2. Let j(w) = -122*w**3 - 2*w**2 + 17*w + 5. Let y(t) = 6*j(t) + 13*n(t). What is the tens digit of y(2)?
9
Suppose 17*z - 11*z - 4464 = 0. Suppose 40*h + z = 43*h. What is the tens digit of h?
4
Suppose 0 = -13*t + 31*t - 31356. Suppose 0 = -5*a + t - 152. What is the hundreds digit of a?
3
Let v be (-1)/((-582)/144 + 4). Let k = v + 88. What is the hundreds digit of k?
1
Let h be 2/((-65030)/147735 + (-4)/(-9)). Let k = h + -285. What is the tens digit of k?
8
Let j(z) = 163*z**2 - 29*z + 160. What is the tens digit of j(7)?
4
Let i(b) = 102*b**2 - 6*b - 3. Let a be i(-2). Let d = 892 - a. What is the hundreds digit of d?
4
Let y(m) = 0*m - 39 + 2*m**2 - m**2 + 11*m - 30. What is the units digit of y(-16)?
1
Let s(z) = -58*z**2 - 627*z + 14. What is the thousands digit of s(-5)?
1
Suppose -1520 = 17*l - 21*l. Let h = l + 141. What is the tens digit of h?
2
Let j = 267 - 143. What is the tens digit of (-3)/(366/j - 3)?
6
Let f(q) be the third derivative of -q**6/60 + q**5/20 - q**4/24 + 260*q**3/3 + 19*q**2 + 1. What is the tens digit of f(0)?
2
Suppose -c - 3*c - a + 11 = 0, 9 = 4*c + 3*a. What is the units digit of ((-1)/2 - (-4790)/4) + c?
0
Suppose 3581 - 397 = 8*y. Let f = 623 - y. Let u = f - 103. What is the units digit of u?
2
What is the units digit of (0 + 4/(-10) - 1194424/(-110)) + 5?
3
Suppose 2*q + 3*c = 47, 0*c = 2*q + 4*c - 52. Let f be ((-1)/3 - -1)*324/72. Suppose -7*v + q = -f*v. What is the units digit of v?
4
Suppose 1051 = 2*o - 54*l + 57*l, 3*o - 1570 = 2*l. What is the hundreds digit of o?
5
Suppose -2*s + 3*b + 27959 = 0, -16*s = -13*s - 3*b - 41946. What is the tens digit of s?
8
Let b(y) = y**2 - 16*y - 9. Suppose 16 = -4*v, 2*s - 4*v - 176 = v. Suppose g + 20 = p, 5*p = p + 3*g + s. What is the tens digit of b(p)?
2
Suppose -5*x - 5 + 20 = 0. Let n(f) = -2*f**3 - f**2 - 2*f + 1. Let a be n(x). Let c = 151 + a. What is the units digit of c?
3
Suppose -4*f = -2*n + 91 + 23, 2*f = 4*n - 204. Let d = 365 - n. What is the hundreds digit of d?
3
Suppose 0 = -4*n - 2*n + 6. Let x be (4/(-4))/(n + (-3 - -1)). What is the units digit of (x + -1 + -3)*-19?
7
What is the tens digit of 24679 + (-3 + 4)/(7/(-56))?
7
Let u be (12/(-15) + -2)*25/(-10). Suppose u*l - 8*l + 4 = 0. Suppose l*s = s + 78. What is the tens digit of s?
2
What is the ten thousands digit of 93/(-155)*(-111721 + -8 + 4)?
6
Let m = 464 - 461. Suppose -5*x - m*j + 257 = 61, -j - 36 = -x. What is the tens digit of x?
3
Let p(y) = y**3 + 5*y**2 - 12*y + 2. Let g be p(-6). Let v = g - 10. What is the units digit of (-20)/(-14) + (-12)/v?
1
Let s(n) = 6769*n**2 - 392*n. What is the hundreds digit of s(-2)?
8
Suppose -4*f - 3*t + 340 = 0, 0 = -f + t - 49 + 127. Let p = f - 79. What is the tens digit of (-4)/p*(-68 - -2)?
8
Let o(u) = -23*u**3 - 5*u**2 - 7*u - 9. What is the tens digit of o(-13)?
6
Suppose -101*y + 60533 = -96724. What is the units digit of y?
7
Let i(h) = 13*h**2 - 12*h + 33. What is the hundreds digit of i(44)?
6
Let q = 45 - 42. Let y be q/(-6)*2 + 4. Suppose 0*c - 3*c = -y*v + 87, -3*v + 91 = c. What is the units digit of v?
0
Let l = -46918 - -73704. What is the tens digit of l?
8
Let v(l) = 65*l**2 + l - 1. Let w be v(1). Let g be 78/w*25/2. What is the units digit of ((-52)/6)/((-5)/g)?
6
Suppose 39*w + 23*w + 1426 = 0. Let j(c) = 8*c - 9 + 13*c + c**2 - 27. What is the tens digit of j(w)?
1
Let y be 212/(-1)*1*6/(-2). Let j = y + -1059. Let w = j + 626. What is the units digit of w?
3
Let m = 2416 - 4170. Let f = m + 3492. What is the tens digit of f?
3
Suppose 52 = 2*r - 0*r. Suppose 14*y = 16*y - r. Let s(f) = -f**3 + 13*f**2 + 6. What is the units digit of s(y)?
6
Let h = 1903 + -283. Suppose -5*t = 4*y - 1596, -4*y + h = -0*t - t. What is the hundreds digit of y?
4
Let j(m) = m**3 - 3*m**2 + 6*m - 6. Let l = -8 - 1. Let x(t) = -t**2 - 11*t - 13. Let i be x(l). What is the tens digit of j(i)?
7
Let a = 92 + -59. Let t(m) = 90*m**2 - 1. Let r be t(1). Let g = r - a. What is the tens digit of g?
5
Suppose -54*b - 48 = -264. Suppose n + 0*v = 2*v + 839, 2*v - 3376 = -b*n. What is the tens digit of n?
4
Let m(u) = 1. Let c(b) = 2*b - 55. Let k(f) = -c(f) + 3*m(f). What is the units digit of k(28)?
2
Let b(n) = -n**3 - 12*n**2 + 2*n + 18. Let s(f) = f**3 - 6*f**2 - 6*f - 19. Let l be s(7). Let q be b(l). What is the units digit of 9/(-2)*27*8/q?
2
Let j = 615 + -610. Suppose -12 = -4*m, 3*y - 89 = -j*m + 16. What is the units digit of y?
0
Let v = 6651 + 25321. What is the ten thousands digit of v?
3
Suppose 3*f + 15 = 0, a + 5*f = 6*f + 709. What is the hundreds digit of a?
7
Suppose -3*f = 0, -5*y + 65*f = -2*y + 60*f - 22365. What is the units digit of y?
5
Let t = 59 - 179. Let m = t - -444. What is the hundreds digit of m?
3
Let d(h) = 115*h. Let m = -90 + 62. Let o be ((-4)/m)/((2/(-14))/(-1)). What is the hundreds digit of d(o)?
1
Let m = -6362 + 40690. What is the tens digit of m?
2
Suppose -2*j - 5*l = -3463, -45*l + 48*l - 6933 = -4*j. Suppose 0 = -n + j - 8. What is the thousands digit of n?
1
Let g(c) = 11*c - 98. Let p be g(10). Suppose -60 = -p*i + 48. What is the units digit of i?
9
Suppose 5*t - 2*s - 164 = 48, 4*t + 2*s = 166. Suppose t = 3*d + 4*d. Let p = d - -14. What is the units digit of p?
0
Suppose 31*j + 762 = 793. Suppose 3*r = 5*n + 57, r + 1 = -0*r - 5*n. What is the units digit of ((7/r)/(j/18))/1?
9
What is the ten thousands digit of 69*(14288/24 - 2)?
4
Let b = 105 + -103. Suppose 5*f - 990 = o, -4*f + b*o + 423 = -369. What is the tens digit of f?
9
Let n(j) = -6869*j - 191. What is the tens digit of n(-2)?
4
Let a(q) = 44*q - 434. Let x be a(10). Let z = -893 + 1929. Suppose -x*u + z = u. What is the units digit of u?
8
Let m(d) = d**2 + 17*d + 20. Let o be m(-16). Suppose -5*f + i + 658 = 0, -o*f + 2*i + 518 = 4*i. What is the hundreds digit of f?
1
Let z(u) be the second derivative of 3*u**4/2 - 2*u**3/3 - 2*u**2 - 8*u. Let w be z(-1). Let n = 58 + w. What is the tens digit of n?
7
Let n(s) = -25*s**2 + 4*s**2 - 14*s + s**3 - 30*s**2 + 21 + 17*s**2 + 21. What is the hundreds digit of n(35)?
7
Let o(v) = 49*v**2 + 5*v. Suppose -4*b = 5*a - 225, 3*a - 6*a - 3*b = -135. Let f be 21/12 + -1 + a/36. What is the hundreds digit of o(f)?
2
What is the units digit of ((-88)/132)/(2/(-6702))?
4
Let a be (-171)/(-2)*(-4)/(-6). Suppose -2*h - a + 157 = 0. Suppose h = w + 2*j, -3*w - 34 = j - 164. What is the tens digit of w?
4
Suppose 3*s - 15 = -0. What is the hundreds digit of 